mon factor of 16366306 and 66.
22
What is the greatest common divisor of 40969255 and 35?
5
Calculate the greatest common factor of 44197258 and 868.
434
What is the greatest common factor of 45 and 9569805?
15
What is the greatest common divisor of 1175482 and 11242?
154
What is the greatest common divisor of 812 and 89514880?
812
Calculate the highest common factor of 18678 and 8819129.
3113
Calculate the greatest common factor of 452627649 and 69.
69
What is the highest common factor of 244727988 and 6372?
708
Calculate the highest common divisor of 1329952 and 634952.
1112
What is the highest common factor of 3272494833 and 258?
129
What is the highest common divisor of 6247055 and 85?
5
What is the highest common divisor of 13760937 and 36?
9
Calculate the highest common factor of 481425 and 4454100.
3675
Calculate the greatest common divisor of 39 and 930616336.
13
Calculate the highest common divisor of 426 and 14744854.
142
What is the highest common factor of 64 and 524242624?
64
Calculate the highest common divisor of 4807833 and 3.
3
Calculate the highest common divisor of 21328025 and 75.
25
What is the highest common factor of 14608 and 13195589?
913
What is the highest common factor of 489528 and 7536?
24
What is the greatest common factor of 213372430 and 730?
730
Calculate the greatest common divisor of 2824687 and 758.
379
Calculate the greatest common divisor of 403 and 17594763.
31
Calculate the highest common divisor of 1394538 and 110014.
134
Calculate the highest common divisor of 2037 and 23987033.
679
Calculate the greatest common divisor of 24414495 and 490.
245
Calculate the highest common factor of 14153648 and 552.
184
What is the greatest common divisor of 6325669 and 511?
511
Calculate the greatest common divisor of 122270 and 1970.
10
Calculate the highest common divisor of 211520 and 4160.
320
What is the greatest common factor of 657344 and 8896?
64
What is the greatest common factor of 1056400 and 87400?
3800
Calculate the highest common factor of 1478304 and 4104.
216
Calculate the greatest common factor of 10031368 and 57128.
1544
Calculate the greatest common divisor of 68 and 37280.
4
What is the greatest common factor of 295188 and 884?
68
Calculate the highest common divisor of 153 and 203499894.
51
What is the greatest common divisor of 1868 and 9433867?
467
What is the highest common factor of 1770705 and 1065?
15
Calculate the greatest common divisor of 345 and 257284095.
345
Calculate the greatest common factor of 23418332 and 280.
28
What is the greatest common factor of 230272 and 24192?
896
What is the greatest common divisor of 173091160 and 33?
11
Calculate the greatest common factor of 2888129957 and 2719.
2719
Calculate the highest common divisor of 62134 and 611.
47
What is the greatest common factor of 14 and 1825166?
14
Calculate the highest common factor of 444362156 and 140.
28
Calculate the greatest common divisor of 64262 and 80185006.
2794
Calculate the highest common factor of 28 and 24388560.
28
Calculate the highest common divisor of 47740437 and 612.
153
What is the highest common factor of 780 and 245348610?
390
Calculate the highest common divisor of 73 and 23487.
1
What is the greatest common factor of 4335 and 290850?
15
What is the highest common divisor of 28740 and 579621135?
7185
Calculate the greatest common factor of 2776 and 15457462.
694
What is the highest common factor of 7520 and 193476440?
1880
Calculate the greatest common divisor of 926 and 3001.
1
Calculate the greatest common factor of 15580 and 158670.
410
What is the highest common factor of 40326 and 1739188?
1034
What is the highest common divisor of 1733190 and 20310?
30
Calculate the greatest common divisor of 33444 and 140102490.
5574
What is the greatest common factor of 72 and 2376855480?
24
What is the highest common factor of 870506 and 17472?
182
What is the greatest common divisor of 240 and 411252?
12
What is the greatest common divisor of 4645292 and 4418?
94
What is the greatest common divisor of 5976 and 16903116?
2988
Calculate the highest common factor of 42 and 55153.
7
Calculate the greatest common factor of 1358 and 544461.
97
Calculate the greatest common factor of 868 and 3390036.
124
Calculate the greatest common divisor of 57294 and 356184.
54
What is the greatest common factor of 28820 and 173140?
220
Calculate the greatest common factor of 86125 and 287375.
125
Calculate the highest common divisor of 212 and 36542228.
212
Calculate the greatest common divisor of 1725 and 112893775.
575
What is the highest common divisor of 20301 and 7437000?
201
Calculate the highest common factor of 374 and 77104566.
22
What is the greatest common factor of 722 and 16305515?
19
What is the highest common divisor of 389983 and 5300042?
1331
What is the greatest common divisor of 88979415 and 945?
105
What is the highest common factor of 14279711 and 472?
59
Calculate the greatest common divisor of 228 and 27183148.
76
What is the highest common divisor of 591543 and 2511?
81
What is the highest common divisor of 4758 and 38646855?
2379
What is the greatest common divisor of 1598136 and 35496?
408
What is the greatest common divisor of 780355989 and 32172?
8043
Calculate the highest common factor of 322180 and 20470.
890
What is the highest common divisor of 1011355 and 3320?
415
Calculate the highest common divisor of 65 and 1640285.
5
What is the highest common factor of 9486 and 2832642?
306
Calculate the greatest common factor of 7296795 and 495.
495
Calculate the highest common factor of 6403820 and 210779.
1609
What is the highest common factor of 13 and 252578560?
13
Calculate the greatest common divisor of 1476 and 2669377734.
738
Calculate the greatest common factor of 9196 and 876408687.
2299
Calculate the highest common divisor of 2186919 and 30450.
609
Calculate the highest common factor of 76725 and 3412728.
3069
What is the greatest common factor of 3384176 and 256?
16
What is the greatest common divisor of 378404 and 123500?
988
What is the greatest common factor of 14749196 and 686?
98
Calculate the greatest common factor of 4248 and 13667688.
72
Calculate the highest common divisor of 682 and 4830265.
341
What is the highest common factor of 19915 and 37812895?
2845
Calculate the greatest common divisor of 25839849 and 105.
21
What is the greatest common factor of 681649 and 1424039?
6749
Calculate the highest common factor of 34464 and 940221.
1077
What is the highest common factor of 9086 and 49187061?
4543
Calculate the highest common factor of 99090540 and 27.
27
Calculate the greatest common factor of 11 and 1248060473.
11
Calculate the highest common divisor of 955 and 7356365.
955
What is the highest common divisor of 22540325 and 25?
25
Calculate the greatest common divisor of 1425294 and 325494.
234
Calculate the greatest common divisor of 1164 and 59128969.
97
Calculate the highest common factor of 4248090 and 59510.
110
What is the greatest common divisor of 712 and 5952053?
89
What is the highest common divisor of 516 and 39185556?
516
Calculate the greatest common factor of 15564040 and 57.
19
Calculate the highest common factor of 20 and 52851410.
10
What is the highest common divisor of 29777059 and 299?
13
What is the greatest common factor of 356 and 159274222?
178
What is the highest common divisor of 30618 and 208530?
126
Calculate the highest common factor of 3873 and 4699240.
1291
Calculate the highest common divisor of 12958 and 710303.
341
Calculate the highest common factor of 4944 and 155256.
24
What is the greatest common factor of 1083040 and 352?
32
Calculate the greatest common divisor of 42024494 and 146.
146
Calculate the highest common factor of 130214 and 10328654.
994
What is the greatest common factor of 69107 and 147523?
29
Calculate the greatest common factor of 388571856 and 48.
48
Calculate the highest common divisor of 96906 and 372.
186
What is the highest common divisor of 55455 and 98535?
15
Calculate the highest common divisor of 62120700 and 7200.
900
What is the highest common divisor of 840 and 21047320?
280
Calculate the highest common divisor of 11339 and 23497927.
391
Calculate the greatest common factor of 1596 and 2034938.
38
Cal